 = -4. Suppose -5*t + 2418 = p. What are the prime factors of t?
3, 13
Let p(t) = -1369*t + 216. List the prime factors of p(-9).
3, 7, 199
Let q = 2475 + 1837. List the prime factors of q.
2, 7, 11
Suppose 3*a = -5*i + 193585, 3*i - 5*a + 27796 = 143947. What are the prime factors of i?
7, 5531
Suppose 0 = -2*s, -7*b + 6*b = -2*s - 8622. What are the prime factors of 1*2/10 - b/(-15)?
5, 23
Suppose -77*a = -31*a - 40*a - 306858. List the prime factors of a.
199, 257
Let c(j) = -16*j + 1151. What are the prime factors of c(-9)?
5, 7, 37
List the prime factors of 127 + 15*(-8)/12.
3, 13
List the prime factors of (-4)/16 - (-1631995)/124.
3, 41, 107
Let n(r) = -3*r - 16. Let h be n(-5). Let x(a) = -a**3. Let z(q) = -5*q**3 - q**2 - 2*q - 139. Let j(u) = h*z(u) + 6*x(u). List the prime factors of j(0).
139
Suppose 5*m + 5*g = 12455, 0 = -3*m - 4*g - 3271 + 10744. Suppose 8 = 2*i, -m = -5*w - 3*i + 1101. What are the prime factors of w?
2, 179
Let n = 5797 + 5300. What are the prime factors of n?
3, 137
Let v(m) = 2 + 0*m**2 + 9*m**2 + 7*m + 17 - 6*m**2. Let c be v(-5). Suppose -c + 675 = 4*f. List the prime factors of f.
2, 7, 11
Suppose 12*p + 381 - 129 = 0. What are the prime factors of (-28)/p + 0 + (-2679)/(-9)?
13, 23
Let o(d) = d + 15. Let q = -19 - -35. Let t be o(q). Suppose -3*i + 38 = v, 2*v - 3*i - t = 9. List the prime factors of v.
2, 13
Let t(l) = -l**3 + 8*l**2 + 19*l + 13. Let b be t(10). Suppose -x = 2*a - 6, 46*a + 19 = b*x + 51*a. List the prime factors of x.
2
Let u = -1393 + -595. Let l = -596 + 597. What are the prime factors of l/(-2) + (u/(-8) - 2)?
2, 3, 41
Suppose 5*i - 4*u - 12017 - 8629 = 0, -5*u + 8232 = 2*i. List the prime factors of i.
2, 2063
Let h(q) = 17*q**3 + 6*q**2 - q + 8. Let k(l) = l**3 - l**2. Let v(b) = -h(b) - 6*k(b). Let n be v(3). List the prime factors of -2 + (-1 - n)/5.
3, 41
Suppose 3*a + 24 = 4*l, -l - 2*a + 5*a = 3. Suppose l*o - 2*o - 5*o = 0. List the prime factors of (o/2 - -4)/((-10)/(-165)).
2, 3, 11
Let r be (-36)/27*(-9)/12. Let x be (-2)/9 + r + 17178/27. Suppose -8*g + 4*g + x = -3*s, -3*s = -3*g + 477. What are the prime factors of g?
2, 5
Suppose 5*v + 0*y - 2*y = 601, -5*v + 4*y + 607 = 0. Suppose -v - 55 = -6*l. Suppose z = -z + b + l, 5*b - 23 = -4*z. What are the prime factors of z?
2, 3
Suppose 0*h + 49709 = 3*h - 30118. What are the prime factors of h?
11, 41, 59
Let x = -92333 + 136347. List the prime factors of x.
2, 59, 373
Suppose -28*a + 4812 = -25*a. Suppose 4*m = 3*l - 4823, -19*l + 5*m + a = -18*l. List the prime factors of l.
1609
Let m = -33 - -33. Suppose m*j - 4*j - 5*r = 13, -4*j - 2*r = -2. Suppose -108 = -j*y - 36. What are the prime factors of y?
2, 3
Suppose 5*s + 35*m + 55 = 30*m, -2*m - 52 = 5*s. List the prime factors of ((-8)/s)/(122/77775).
2, 3, 5, 17
Let c = 5092 - -300. What are the prime factors of c?
2, 337
Let d be -2*51/13 + (-10)/65. Let h(t) = 38*t**2 + 14*t. Let z be h(d). List the prime factors of (-2)/6 + z/30.
7, 11
Let v(y) = -489*y - 3216. Let z be v(-7). Let q be (-1)/(1/1) - -94. Let r = z - q. What are the prime factors of r?
2, 3, 19
What are the prime factors of (-63701)/(-1) - (-488 + 490)?
3, 17, 1249
Suppose 21*b - 19*b = 232. Suppose -p + 110 + b = 0. Suppose -3*w - f = -p, -f - 4*f - 295 = -4*w. List the prime factors of w.
3, 5
Suppose 4*q - 130 = -2*y, 6*y - 3*q + 127 = 8*y. Let w = y + 370. What are the prime factors of w?
3, 11, 13
Let w = 29 + -63. Let a = 316 + w. List the prime factors of a.
2, 3, 47
List the prime factors of -25 + 30 - 13890/(-3).
3, 5, 103
Let x(g) = 52 - 10*g - 34 + 16*g**2 + 43. Let s(i) = 3*i**2 - 2*i + 12. Let d(j) = 11*s(j) - 2*x(j). List the prime factors of d(9).
73
Suppose 23*d + 5181 = 21304. Let t = d + -291. What are the prime factors of t?
2, 5, 41
Suppose -51 = d - 44. Let x = 10 + d. Suppose -216 = 6*s - 9*s - x*c, 3*s + 2*c - 217 = 0. List the prime factors of s.
73
Let f = -96491 + 151468. What are the prime factors of f?
13, 4229
Let y be 0 + 1 + 7 - -102. What are the prime factors of 20/y - (-9954)/66?
151
Let b be 2/(-5) - 2/(-5)*1. Suppose b = -n + o + 364, 3*n - 298 = -4*o + 794. Suppose -g - 3*g = -n. List the prime factors of g.
7, 13
Let c(s) = -s**3 - 6*s**2 + 18*s + 24. Let q be c(-10). Let k = q - 46. List the prime factors of k.
2, 3, 11
Suppose -4*y - 283 = z, 0*z - 4*y - 1192 = 4*z. Let w = z - -430. List the prime factors of w.
127
Suppose -9*x - 105 = -2*x. Let w be (-12)/15 + (-1557)/x. Suppose 0 = -n + 2*n - w. List the prime factors of n.
103
Let g(w) = -6*w - 30. Let p be g(-5). Suppose 4*o - 4 = 0, 0 = -p*f + 2*f - o - 2341. List the prime factors of f.
1171
Let l(i) = 7*i**2 + 35*i + 23. Let f(o) = o - 6. Let y be f(2). Let h(a) = -3*a**2 - 17*a - 11. Let x(p) = y*l(p) - 9*h(p). List the prime factors of x(6).
7
Suppose 5*f - 440426 = -2*o, f = -3*o - 48801 + 136881. List the prime factors of f.
2, 3, 53, 277
Let j(p) = 91*p - 17. Let y be j(-6). Let f = y - -1844. List the prime factors of f.
3, 7, 61
Suppose -132 = 2*l + 2*r - 18, 2 = 2*r. List the prime factors of 12*8 - (-52 - l).
2, 3, 5
Suppose -5*t + 8 = -12, 0 = -2*o - 3*t + 12. What are the prime factors of (30/(-4) - o)*(-56576)/680?
2, 3, 13
Let a(r) = 2*r**2 - 11*r + 10. Let q be a(-5). Let m = q - -142. Suppose m = 21*y - 20*y. List the prime factors of y.
257
Suppose -2*l + 11214 = -4*n - n, -5*n - 20 = 0. List the prime factors of l.
29, 193
Let w = 106 + 6. Let m be 2*-2 - (-61 - 4). Let g = w - m. What are the prime factors of g?
3, 17
Suppose 30*g - 1009988 = 51*g - 49*g. List the prime factors of g.
7, 5153
Let u = 195 + -235. What are the prime factors of u*(-161)/14*1?
2, 5, 23
Let o = 66642 + -31828. List the prime factors of o.
2, 13, 103
Let a(d) = 6*d**2 + 5*d - 29. Let u(m) = 11*m**2 + 10*m - 58. Let n(f) = -7*a(f) + 4*u(f). What are the prime factors of n(12)?
11, 29
Suppose 18*t - 12441 = -h + 21*t, h - 12473 = -5*t. What are the prime factors of h?
3, 7, 593
Suppose -g + 4*y + 16 = -0*g, 4*g - 64 = 4*y. Suppose -g = -4*u + 12. Suppose -30 = 2*n - u*n. List the prime factors of n.
2, 3
Let g(s) = 4*s**2 + 5*s + 4. Let j be g(-1). Suppose -j*l - 3*a = l - 2618, -l + 660 = -2*a. List the prime factors of l.
2, 41
Let h(c) = -3*c - 73. Let d be h(-23). Let f(j) = 21*j**2 - 17*j + 6. List the prime factors of f(d).
2, 5, 41
Let x be -4 + 2546 - -1*3. Suppose -b - 348 = -x. Suppose 8*a - b = 131. What are the prime factors of a?
3, 97
Suppose r = 13 - 7. Suppose 36 = -r*w + 15*w. Suppose 4*y + 2*f - 724 = 4*f, w*y - f - 726 = 0. What are the prime factors of y?
2, 7, 13
Let j be (-774)/(-12)*(-1414)/(-21). Suppose 5247 = 3*h - 3*r, j = 4*h + 2*r - 2629. What are the prime factors of h?
5, 349
Let x be ((-8)/5)/(16/(-40)). Suppose 0 = -4*g + l - 232, x*l + 4 = -4*g - 248. Let c = g - -103. List the prime factors of c.
2, 11
Let m(v) = -1399*v + 2573. List the prime factors of m(-46).
3, 7, 3187
Let x(k) = 96*k + 35. Suppose n - 3 = g - 0*g, 4 = -4*g. List the prime factors of x(n).
227
Let k(h) = 31785*h**3 - 2*h**2 - 3*h + 2. List the prime factors of k(1).
2, 3, 5297
What are the prime factors of (-3)/(-5) - 1 - (-16572649)/1685?
5, 7, 281
Let q = -801 + 655. Let s be (-33)/9*-1*-12. Let n = s - q. List the prime factors of n.
2, 3, 17
Suppose 5*h = 4*h + 6. Let o be 2 + -2*3/h - -1. Suppose 3*n - i + 3*i = 149, 0 = -2*n + o*i + 86. What are the prime factors of n?
47
Let y be (-412)/28 - (-8)/(-28). What are the prime factors of -5*1*(5 + y)?
2, 5
Let w = -43 + 29. Let b = -22 - w. Let n(q) = -18*q + 25. List the prime factors of n(b).
13
What are the prime factors of 30 - (-600)/(-30) - (0 + -1050)?
2, 5, 53
Suppose 378060 = -69*a + 1653732. List the prime factors of a.
2, 2311
Suppose -3*n - 4*u = -469 - 3361, -4*n = -2*u - 5070. Let r = n - 258. Suppose 202 - r = -5*o. List the prime factors of o.
2, 3
Let g = 63 - 54. What are the prime factors of (-2 + -1)*(6 - 1767/g)?
571
Let i = 13 + -12. List the prime factors of 214 + i + (-3 - -2).
2, 107
Let u be (-13806)/(-26) - 14/2. Let k = -35 + u. What are the prime factors of k?
3, 163
Let n(p) be the third derivative of 0 - 1/3*p**3 + 41/12*p**4 + 0*p + 2*p**2. List the prime factors of n(1).
2, 5
Let h = 392 + -216. Let s be (-12)/8*h/(-